6033 prime?
True
Is 28961 a composite number?
False
Is 2215159 a composite number?
False
Is 20583587 prime?
False
Is 311136853 a prime number?
False
Is 16716367 prime?
False
Is 2777297 a composite number?
True
Is 193479298 a prime number?
False
Is 8525491 a composite number?
True
Is 143123 a composite number?
True
Is 29399521 prime?
False
Is 195945235 a prime number?
False
Is 29444729 prime?
True
Is 126316837 a composite number?
True
Is 2522314 composite?
True
Is 25419013 composite?
False
Is 582813463 composite?
False
Is 3392029 a composite number?
True
Is 418161911 composite?
True
Is 5813702 composite?
True
Is 8745521 a composite number?
True
Is 2521591 composite?
False
Is 19203707 composite?
False
Is 20551129 composite?
False
Is 6671393 composite?
True
Is 111354701 a composite number?
False
Is 11575609 composite?
False
Is 163644401 prime?
True
Is 194074819 a prime number?
True
Is 4936153 prime?
True
Is 1708099 a composite number?
True
Is 14818069 a prime number?
False
Is 48350927 a composite number?
True
Is 16830709 a prime number?
False
Is 14038751 a composite number?
False
Is 60961442 composite?
True
Is 6424897 a prime number?
True
Is 583579 prime?
False
Is 130493807 composite?
False
Is 32009101 a composite number?
True
Is 82396829 prime?
True
Is 5525167 composite?
True
Is 17674757 a prime number?
False
Is 20769113 composite?
False
Is 25978709 a prime number?
True
Is 32390077 composite?
True
Is 186836869 prime?
True
Is 12407033 a composite number?
True
Is 144662249 prime?
False
Is 6758663 a composite number?
True
Is 475661041 a composite number?
False
Is 3776237 a prime number?
True
Is 914513 a prime number?
True
Is 175354759 composite?
True
Is 14622797 a prime number?
False
Is 141642727 prime?
True
Is 14402211 prime?
False
Is 35383805 prime?
False
Is 5963255 a composite number?
True
Is 585160063 prime?
True
Is 2104391 a composite number?
False
Is 811583 prime?
True
Is 7953161 prime?
False
Is 1406256031 prime?
False
Is 117500483 composite?
True
Is 19724729 prime?
True
Is 2645817 a composite number?
True
Is 153191 a composite number?
False
Is 70626727 a prime number?
False
Is 2097349 prime?
True
Is 612107 composite?
False
Is 383893 composite?
True
Is 30478379 a prime number?
True
Is 6849053 a prime number?
False
Is 2198860585 prime?
False
Is 68236643 prime?
False
Is 19022879 a prime number?
False
Is 49681151 composite?
True
Is 10204801 a composite number?
True
Is 36701839 composite?
True
Is 736401819 prime?
False
Is 903769849 composite?
False
Is 183882761 composite?
True
Is 43777511 a prime number?
True
Is 89053687 a composite number?
False
Is 15094399 a prime number?
True
Is 11226322 a composite number?
True
Is 3152207 a prime number?
True
Is 8689349 prime?
True
Is 1964465 prime?
False
Is 12745045 a composite number?
True
Is 298172021 a prime number?
False
Is 36410615 composite?
True
Is 143646871 a prime number?
False
Is 386575711 composite?
False
Is 324034211 a prime number?
False
Is 285449 prime?
False
Is 9698635 composite?
True
Is 121473637 a composite number?
False
Is 1154449 prime?
True
Is 6097867 prime?
True
Is 5895731 prime?
True
Is 2811973 a prime number?
True
Is 5366323 a composite number?
False
Is 47012879 a prime number?
True
Is 1895749 a prime number?
True
Is 22560169 prime?
True
Is 10712863 composite?
True
Is 9841551 prime?
False
Is 157349 composite?
False
Is 263563 a prime number?
False
Is 110995163 composite?
False
Is 117282251 a prime number?
True
Is 31823413 a composite number?
True
Is 6040981 composite?
True
Is 3553607 prime?
False
Is 2664989 a prime number?
True
Is 2477899 prime?
True
Is 5724839 a composite number?
True
Is 697787 a prime number?
True
Is 33099389 a composite number?
True
Is 5150033 a prime number?
False
Is 84453769 a composite number?
True
Is 98581 composite?
True
Is 2193335 prime?
False
Is 52558745 a composite number?
True
Is 9099481 composite?
True
Is 1785687 prime?
False
Is 437797509 a prime number?
False
Is 214877659 a composite number?
False
Is 169069367 a composite number?
False
Is 3625873 a prime number?
True
Is 162213841 a composite number?
True
Is 8976815 composite?
True
Is 3920453 a prime number?
True
Is 1213829 a composite number?
False
Is 1779361 a composite number?
False
Is 9984241 a prime number?
True
Is 1998614 composite?
True
Is 11621717 a prime number?
True
Is 71921761 a prime number?
True
Is 75838811 a composite number?
False
Is 89969 a composite number?
True
Is 20210447 a prime number?
False
Is 1309361 composite?
True
Is 19389209 a composite number?
True
Is 276173 a composite number?
False
Is 10139837 prime?
False
Is 8863739 composite?
True
Is 40813967 prime?
False
Is 1534161 a composite number?
True
Is 10145533 a prime number?
False
Is 8215877 composite?
False
Is 4614553 a prime number?
True
Is 383417 a composite number?
False
Is 26898313 prime?
False
Is 2331059 a prime number?
False
Is 4600649 prime?
False
Is 529393 a composite number?
False
Is 1770127 a composite number?
False
Is 1733519 prime?
True
Is 139474099 composite?
False
Is 43895337 composite?
True
Is 107051753 a composite number?
False
Is 21942029 a prime number?
True
Is 27675673 a composite number?
False
Is 116622867 a prime number?
False
Is 5525701 prime?
True
Is 13914577 a prime number?
False
Is 10427 prime?
True
Is 19764989 composite?
False
Is 55806133 a prime number?
True
Is 1416617 composite?
False
Is 19026107 prime?
True
Is 26283689 a prime number?
True
Is 202652947 composite?
True
Is 293101633 composite?
True
Is 113434933 prime?
False
Is 232233701 a composite number?
True
Is 3271733 composite?
False
Is 105517787 prime?
True
Is 335258279 prime?
True
Is 168969991 composite?
True
Is 1686017 composite?
False
Is 833923067 prime?
False
Is 5513513 a composite number?
False
Is 214865071 a prime number?
False
Is 1557499 a composite number?
False
Is 35384593 prime?
False
Is 8165011 a composite number?
False
Is 11453503 composite?
True
Is 2718097 prime?
True
Is 447792337 prime?
False
Is 320560579 a composite number?
True
Is 75503447 a prime number?
True
Is 201473 composite?
False
Is 147075149 composite?
True
Is 4789409 composite?
False
Is 8090747 composite?
True
Is 48085963 a prime number?
True
Is 131352979 prime?
False
Is 2295083 a prime number?
False
Is 119704381 a prime number?
True
Is 1413749 composite?
False
Is 6035947 composite?
True
Is 117108253 a composite number?
False
Is 928061 composite?
True
Is 26282857 composite?
True
Is 30049289 composite?
False
Is 13081153 a composite number?
False
Is 168533921 prime?
True
Is 4885519 composite?
True
Is 5612563 a prime number?
False
Is 3955387 a composite number?
False
Is 2109253 composite?
False
Is 37605089 a composite number?
False
Is 6571421 prime?
True
Is 73369931 prime?
False
Is 2226019 a prime number?
True
Is 93946901 prime?
False
Is 5848763 composite?
False
Is 2036323 prime?
True
Is 9330989 a composite number?
True
Is 388865 a prime number?
False
Is 1233845 a composite number?
True
Is 1584955 a prime number?
False
Is 118254221 a prime number?
True
Is 5581591 prime?
True
Is 152486 a prime number?
False
Is 127228165 a prime number?
False
Is 67262851 prime?
True
Is 233333201 a prime number?
False
Is 50048117 a prime number?
False
Is 1875793 a prime number?
True
Is 1490783 a prime number?
False
Is 25541203 composite?
False
Is 142950389 a composite number?
True
Is 148981967 prime?
True
Is 321987657 a prime number?
False
Is 80591213 a prime number?
False
Is 527569 a composite number?
True
Is 4691539 a composite number?
False
Is 2897716911 a prime number?
False
Is 459512057 prime?
False
Is 5586837 a prime number?
False
Is 4650253 composite?
False
Is 113932553 a composite number?
True
Is 25611739 a composite number?
True
Is 2646331 a composite number?
True
Is 168389249 prime?
False
Is 56203531 prime?
True
Is 78409273 a prime number?
True
Is 45018341 a prime number?
False
Is 3427321 composite?
True
Is 53763 a composite number?
True
Is 485234513 a composite number?
False
Is 25122403 composite?
False
Is 397115 a prime number?
False
Is 1763549 a prime number?
True
Is 5502763 prime?
False
Is 11692393 composite?
False
Is 35379629 a prime number?
False
Is 70423 composite?
False
Is 258301283 a composite number?
True
Is 262497233 a composite number?
True
Is 12408301 a prime number?
Tru